{"id":2177,"date":"2013-11-12T14:45:44","date_gmt":"2013-11-12T12:45:44","guid":{"rendered":"http:\/\/geomantie-berlin.de\/?page_id=2177"},"modified":"2021-06-12T09:30:55","modified_gmt":"2021-06-12T07:30:55","slug":"geokultur","status":"publish","type":"page","link":"https:\/\/geomantie-berlin.de\/?page_id=2177","title":{"rendered":"Geokultur"},"content":{"rendered":"<h2><span style=\"color: #3b9380;\">Stell dir vor, Du gehst durch Berlin und die B\u00e4ume, die H\u00e4user, die Stra\u00dfen, die Parks beginnen Dir Ihre Geschichte zu erz\u00e4hlen &#8211; und nicht nur das &#8211; sie erz\u00e4hlen Dir auch etwas \u00fcber Dich selbst.<\/span><\/h2>\n<p>Des \u00d6fteren stellt sich uns die Frage, was das ganz Besondere und Spezielle eines Ortes ausmacht, warum gerade wir an einem ganz bestimmten Ort wohnen oder uns zu einem ganz bestimmten Ort hingezogen f\u00fchlen, (zu anderen Pl\u00e4tzen wiederum gar nicht). Dabei beschleicht uns das Gef\u00fchl, dass dies alles kein Zufall sein kann und etwas mit uns selbst zu tun haben k\u00f6nnte. Wir versp\u00fcren den Wunsch, unserem Lebensumfeld, Wohnort oder unserer Stadt auf einer umfassenderen Ebene zu begegnen, die \u00fcber die rein materiellen und fassbaren Sinneseindr\u00fccke hinausgeht.<\/p>\n<p><img loading=\"lazy\" decoding=\"async\" class=\"alignleft size-full wp-image-2553\" src=\"http:\/\/geomantie-berlin.de\/wp-content\/uploads\/2013\/11\/fischemandala01d.jpg\" alt=\"mandala\" width=\"270\" height=\"180\" \/>Mit Hilfe der Geomantie k\u00f6nnen subtile Einfl\u00fcsse und die ganz besondere Qualit\u00e4t eines Ortes, welche sich als Resultat verschiedener historischer, sozialer und morphologischer Schichten darstellen, auf vielschichtige Art und Weise erfahrbar werden. Die emotionale Verbindung zwischen Subjekt und Objekt ist dabei\u00a0 &#8211; anders als bei den herk\u00f6mmlichen Wissenschaften &#8211; durchaus erw\u00fcnscht. Durch diese ,Liebesbeziehung&#8216; erw\u00e4chst das Bewusstsein, dass wir eine Teil der Erde und des gro\u00dfen Ganzen sind. Die Erde kann als eigenst\u00e4ndiges Wesen erkannt werden, dem wir partnerschaftlich begegnen, vergleichbar dem Bewusstsein indigener Bev\u00f6lkerungsgruppen. Wir m\u00f6chten nicht so anma\u00dfend sein, uns mit den Indigenen zu vergleichen. Nachhaltige L\u00f6sungen f\u00fcr die gro\u00dfen Umweltthemen der heutigen Zeit, k\u00f6nnen nur in einer generellen Ver\u00e4nderung des Bewusstseins gefunden werden. Hin zum ,Indigenous Consciousness&#8216; (Charles Eisenstein, \u00d6koaktivist, Philosoph und Buchautor).<\/p>\n<p><strong>Ganzheitliche Erfahrungswissenschaft<br \/><\/strong>Die moderne Geomantie ist eine ganzheitliche Erfahrungswissenschaft. Es geht darum, die urspr\u00fcnglich enge Beziehung zwischen Erde und Mensch (wieder) zu erwecken. Damit stellt die Geomantie eine Erweiterung verwandter Wissenschaften dar, die sich mit der Erde, der Natur und dem Stadt- und Landschaftsraum besch\u00e4ftigen, wie z.B. die Geographie, die Stadt- und Landschaftsplanung. Die moderne Geomantie bezieht die spirituelle Dimension und die Mehrdimensionalit\u00e4t der Wirklichkeit mit ein.<\/p>\n\n\n<figure class=\"wp-block-embed is-type-video is-provider-youtube wp-block-embed-youtube wp-embed-aspect-16-9 wp-has-aspect-ratio\"><div class=\"wp-block-embed__wrapper\">\n<iframe loading=\"lazy\" title=\"Geomantie in Berlin\" width=\"625\" height=\"352\" src=\"https:\/\/www.youtube.com\/embed\/yfTrr8bNCyY?feature=oembed\" frameborder=\"0\" allow=\"accelerometer; autoplay; clipboard-write; encrypted-media; gyroscope; picture-in-picture; web-share\" referrerpolicy=\"strict-origin-when-cross-origin\" allowfullscreen><\/iframe>\n<\/div><\/figure>\n\n\n<p>Ganz besonders spannend ist die Erforschung unseres pers\u00f6nlichen Lebensraums. Innerhalb der Stadtlandschaft Berlins sind unterschiedlichste historische Schichten miteinander verwoben und verzahnt, die alle einen Bestandteil unseres eigenen kollektiven Ged\u00e4chtnisses bilden. Darunter liegt der urspr\u00fcngliche Landschaftsraum. Den zu entdecken, kann besonders innerhalb des st\u00e4dtischen Gef\u00fcges eine sehr lohnende Erfahrung sein.<\/p>\n<p>In Berlin ist es beispielsweise m\u00f6glich, mit dem Archetypus des Berliner B\u00e4ren \/ der B\u00e4rin in Kontakt zu kommen. Diese Kraft zeigt sich in ganz unterschiedlichen Facetten. Sie kann jungfr\u00e4ulich weich, liebevoll-m\u00fctterlich und n\u00e4hrend sein oder auch uns herausfordernd, dass wir mutig die Qualit\u00e4t der Wandlung integrieren. Die B\u00e4rin ist \u00fcber ihre H\u00f6hle mit den irdischen Kr\u00e4ften der Landschaft verbunden und \u00fcber das Sternzeichen \u201eDer Gro\u00dfen B\u00e4rin\u201c mit kosmischen Kr\u00e4ften.<\/p>\n<p><strong>Dialog mit der Landschaft<br \/><\/strong>Um einen Ort jenseits unserer allt\u00e4glichen Seh- und Wahrnehmungsgewohnheiten zu erforschen und um in einen inneren Dialog mit der Landschaft zu kommen, k\u00f6nnen ganz spezifische Bewegungs-, Atem- und Meditationstechniken als eine Art Werkzeug eingesetzt werden. Es entsteht ein tieferes Verst\u00e4ndnis daf\u00fcr, dass der Ort, in dem wir leben uns selbst widerspiegelt, um uns dadurch auch einen Teil von uns selbst kenntlich zu machen.<img loading=\"lazy\" decoding=\"async\" class=\"alignleft size-full wp-image-2554\" src=\"http:\/\/geomantie-berlin.de\/wp-content\/uploads\/2013\/11\/am_baum.jpg\" alt=\"kontakt\" width=\"153\" height=\"230\" \/> Wenn wir daf\u00fcr offen sind, k\u00f6nnen dies so ganz tief verborgene Schichten unserer Seele zeigen.<\/p>\n<p><strong>Partizipativer Ansatz<br \/><\/strong>Sehr wichtig ist der partizipative und ko-kreative Ansatz. Das, was eine Gruppe gemeinsam erarbeitet, ist mehr als die Summe der einzelnen Teile. Jeder Mensch macht seine ganz ureigenen subjektiven Erfahrungen und Wahrnehmungen. Durch den Austausch innerhalb der Gruppe ergibt sich daraus ein vollst\u00e4ndiges Mosaik des jeweiligen Ph\u00e4nomens und ein ganzheitliches Verstehen wird initiiert. Durch einen weiteren kreativen Austausch zwischen der Landschaft und den Menschen innerhalb der Gruppe und ein kreatives gemeinsames Umsetzen von Aktionen und Ma\u00dfnahmen, wird ein besonders nachhaltiger Wandlungsprozess der inneren und \u00e4u\u00dferen Welt initiiert. Ein Gespr\u00e4ch mit der Landschaft beginnt, dessen Qualit\u00e4t uns alle innerlich tief ber\u00fchren kann.<\/p>\n<p><strong>Anliegen<br \/><\/strong>Wir sind Menschen aus ganz unterschiedlichen sozialen und spirituellen Zusammenh\u00e4ngen und Weltanschauungen. Die Berliner Geomantiegruppe wurde ma\u00dfgeblich gepr\u00e4gt von den Lehren des K\u00fcnstlers Marko Pogacniks (UNESCO-Friedensaktivist) der die Geomantie in Europa auf eine zeitgem\u00e4\u00dfe Art und Weise wiederbelebt hat.<\/p>\n<p>So unterschiedlich oft die Zusammensetzung der Teilnehmenden von Geomantie-Berlin ist, so unterschiedlich sind auch deren Anliegen dort mitzuwirken.<\/p>\n<p><strong>Hier eine kleine Auswahl was uns und den Teilnehmenden wichtig ist:<\/strong><\/p>\n<ul>\n<li>unseren Lebensraum, unser Lebensumfeld, die Landschaft und auch die Stadt Berlin auf einer tieferen Ebene kennen zu lernen<\/li>\n<li>etwas \u00fcber die Geschichte und Stadtnatur von Berlin und der Umgebung von Berlin zu erfahren<\/li>\n<li>mit einfachsten Mitteln mit anderen Menschen etwas zusammen zu tun, etwas f\u00fcr die Umwelt tun, mit anderen Menschen zusammen kreativ werden<\/li>\n<li>sich der Verbindung der inneren und der \u00e4u\u00dferen Welten bewusst werden. Die Au\u00dfenwelt kann nicht ohne Betrachtung der Innenwelt gesehen werden.<\/li>\n<li>sich mit der Erde zu verbinden, eine tiefe und liebevolle Beziehung mit der Erde einzugehen, der Erde in Dankbarkeit begegnen<\/li>\n<li>uns dar\u00fcber klar zu werden, dass wir ein Teil der Erde sind; dass alles was wir der Erde antun, wir letztendlich auch uns selbst antun<\/li>\n<li>nicht nur mit der Erde in Verbindung zu treten, sondern dem gesamten kosmischen Gef\u00fcge in welches unsere Erde eingebettet ist<\/li>\n<li>sich mit den kollektiven (traumatischen) Auswirkungen der Geschichte auseinander zu setzen und diese in sich selbst zu heilen<\/li>\n<li>generell Heilung, Selbstheilung, Selbsterfahrung<\/li>\n<li>in Zeiten materielle Ausbeutung der Natur, in denen es meistens um optimale Profitmaximierung geht, ein Zeichen zu setzen, dass wir uns davon abgrenzen und der Erde, Natur und Umwelt als eigenst\u00e4ndige ,Pers\u00f6nlichkeiten&#8216; mit gleichen Rechten auf Augenh\u00f6he begegnen<\/li>\n<li>letztendlich Spa\u00df und Freude daran zu haben was wir tun.<\/li>\n<\/ul>\n<p><a title=\"Geomantie in Berlin - Stell Dir vor...\" href=\"http:\/\/www.sein.de\/archiv\/2009\/oktober-2009\/geomantie-in-berlin.html\" target=\"_blank\" rel=\"noopener\">www.sein.de\/archiv\/2009\/oktober-2009<\/a><\/p>\n<p>\u00a0<\/p>","protected":false},"excerpt":{"rendered":"<p>Stell dir vor, Du gehst durch Berlin und die B\u00e4ume, die H\u00e4user, die Stra\u00dfen, die Parks beginnen Dir Ihre Geschichte zu erz\u00e4hlen &#8211; und nicht nur das &#8211; sie erz\u00e4hlen Dir auch etwas \u00fcber Dich selbst. Des \u00d6fteren stellt sich uns die Frage, was das ganz Besondere und Spezielle eines Ortes ausmacht, warum gerade wir [&hellip;]<\/p>\n","protected":false},"author":6,"featured_media":0,"parent":0,"menu_order":2,"comment_status":"open","ping_status":"closed","template":"","meta":{"footnotes":""},"class_list":["post-2177","page","type-page","status-publish","hentry"],"_links":{"self":[{"href":"https:\/\/geomantie-berlin.de\/index.php?rest_route=\/wp\/v2\/pages\/2177","targetHints":{"allow":["GET"]}}],"collection":[{"href":"https:\/\/geomantie-berlin.de\/index.php?rest_route=\/wp\/v2\/pages"}],"about":[{"href":"https:\/\/geomantie-berlin.de\/index.php?rest_route=\/wp\/v2\/types\/page"}],"author":[{"embeddable":true,"href":"https:\/\/geomantie-berlin.de\/index.php?rest_route=\/wp\/v2\/users\/6"}],"replies":[{"embeddable":true,"href":"https:\/\/geomantie-berlin.de\/index.php?rest_route=%2Fwp%2Fv2%2Fcomments&post=2177"}],"version-history":[{"count":21,"href":"https:\/\/geomantie-berlin.de\/index.php?rest_route=\/wp\/v2\/pages\/2177\/revisions"}],"predecessor-version":[{"id":4208,"href":"https:\/\/geomantie-berlin.de\/index.php?rest_route=\/wp\/v2\/pages\/2177\/revisions\/4208"}],"wp:attachment":[{"href":"https:\/\/geomantie-berlin.de\/index.php?rest_route=%2Fwp%2Fv2%2Fmedia&parent=2177"}],"curies":[{"name":"wp","href":"https:\/\/api.w.org\/{rel}","templated":true}]}}